{"id":4932,"date":"2024-05-09T21:18:29","date_gmt":"2024-05-09T19:18:29","guid":{"rendered":"https:\/\/www.roterdrache.org\/cms\/?page_id=4932"},"modified":"2024-06-07T14:27:05","modified_gmt":"2024-06-07T12:27:05","slug":"aetherwelt-und-steampunk","status":"publish","type":"page","link":"https:\/\/www.roterdrache.org\/cms\/aetherwelt-und-steampunk\/","title":{"rendered":"Aetherwelt und Steampunk"},"content":{"rendered":"\t\t<div data-elementor-type=\"wp-page\" data-elementor-id=\"4932\" class=\"elementor elementor-4932\">\n\t\t\t\t<div class=\"elementor-element elementor-element-657f160 e-flex e-con-boxed e-con e-parent\" data-id=\"657f160\" data-element_type=\"container\">\n\t\t\t\t\t<div class=\"e-con-inner\">\n\t\t\t\t<div class=\"elementor-element elementor-element-094a3cd elementor-widget elementor-widget-heading\" data-id=\"094a3cd\" data-element_type=\"widget\" data-widget_type=\"heading.default\">\n\t\t\t\t<div class=\"elementor-widget-container\">\n\t\t\t<style>\/*! elementor - v3.23.0 - 05-08-2024 *\/\n.elementor-heading-title{padding:0;margin:0;line-height:1}.elementor-widget-heading .elementor-heading-title[class*=elementor-size-]>a{color:inherit;font-size:inherit;line-height:inherit}.elementor-widget-heading .elementor-heading-title.elementor-size-small{font-size:15px}.elementor-widget-heading .elementor-heading-title.elementor-size-medium{font-size:19px}.elementor-widget-heading .elementor-heading-title.elementor-size-large{font-size:29px}.elementor-widget-heading .elementor-heading-title.elementor-size-xl{font-size:39px}.elementor-widget-heading .elementor-heading-title.elementor-size-xxl{font-size:59px}<\/style><h2 class=\"elementor-heading-title elementor-size-default\">\u00c6therwelt &amp; Steampunk<\/h2>\t\t<\/div>\n\t\t\t\t<\/div>\n\t\t\t\t\t<\/div>\n\t\t\t\t<\/div>\n\t\t<div class=\"elementor-element elementor-element-c867b4c e-flex e-con-boxed e-con e-parent\" data-id=\"c867b4c\" data-element_type=\"container\">\n\t\t\t\t\t<div class=\"e-con-inner\">\n\t\t\t\t<div class=\"elementor-element elementor-element-c6abbb5 elementor-widget elementor-widget-heading\" data-id=\"c6abbb5\" data-element_type=\"widget\" data-widget_type=\"heading.default\">\n\t\t\t\t<div class=\"elementor-widget-container\">\n\t\t\t<h2 class=\"elementor-heading-title elementor-size-default\">\u00c6thewelt<\/h2>\t\t<\/div>\n\t\t\t\t<\/div>\n\t\t\t\t\t<\/div>\n\t\t\t\t<\/div>\n\t\t<div class=\"elementor-element elementor-element-49e427b e-grid e-con-boxed e-con e-parent\" data-id=\"49e427b\" data-element_type=\"container\">\n\t\t\t\t\t<div class=\"e-con-inner\">\n\t\t\t\t<div class=\"elementor-element elementor-element-fa88739 elementor-widget elementor-widget-image\" data-id=\"fa88739\" data-element_type=\"widget\" data-widget_type=\"image.default\">\n\t\t\t\t<div class=\"elementor-widget-container\">\n\t\t\t<style>\/*! elementor - v3.23.0 - 05-08-2024 *\/\n.elementor-widget-image{text-align:center}.elementor-widget-image a{display:inline-block}.elementor-widget-image a img[src$=\".svg\"]{width:48px}.elementor-widget-image img{vertical-align:middle;display:inline-block}<\/style>\t\t\t\t\t\t\t<figure class=\"wp-caption\">\n\t\t\t\t\t\t\t\t\t\t\t<a href=\"https:\/\/www.roterdrache.org\/catalog\/Belletristik-Roman-Satire\/Waldesruh::125.html\">\n\t\t\t\t\t\t\t<img fetchpriority=\"high\" decoding=\"async\" width=\"194\" height=\"300\" src=\"https:\/\/www.roterdrache.org\/cms\/wp-content\/uploads\/2024\/05\/Waldesruh-194x300.jpg\" class=\"attachment-medium size-medium wp-image-4936\" alt=\"\" srcset=\"https:\/\/www.roterdrache.org\/cms\/wp-content\/uploads\/2024\/05\/Waldesruh-194x300.jpg 194w, https:\/\/www.roterdrache.org\/cms\/wp-content\/uploads\/2024\/05\/Waldesruh.jpg 462w\" sizes=\"(max-width: 194px) 100vw, 194px\" \/>\t\t\t\t\t\t\t\t<\/a>\n\t\t\t\t\t\t\t\t\t\t\t<figcaption class=\"widget-image-caption wp-caption-text\">Band 1<\/figcaption>\n\t\t\t\t\t\t\t\t\t\t<\/figure>\n\t\t\t\t\t\t\t<\/div>\n\t\t\t\t<\/div>\n\t\t\t\t<div class=\"elementor-element elementor-element-a961479 elementor-widget elementor-widget-image\" data-id=\"a961479\" data-element_type=\"widget\" data-widget_type=\"image.default\">\n\t\t\t\t<div class=\"elementor-widget-container\">\n\t\t\t\t\t\t\t\t\t\t<figure class=\"wp-caption\">\n\t\t\t\t\t\t\t\t\t\t\t<a href=\"https:\/\/www.roterdrache.org\/catalog\/Belletristik-Roman-Satire\/Glasberg::136.html\">\n\t\t\t\t\t\t\t<img decoding=\"async\" width=\"211\" height=\"300\" src=\"https:\/\/www.roterdrache.org\/cms\/wp-content\/uploads\/2024\/05\/Glasberg-211x300.jpg\" class=\"attachment-medium size-medium wp-image-4935\" alt=\"\" srcset=\"https:\/\/www.roterdrache.org\/cms\/wp-content\/uploads\/2024\/05\/Glasberg-211x300.jpg 211w, https:\/\/www.roterdrache.org\/cms\/wp-content\/uploads\/2024\/05\/Glasberg.jpg 503w\" sizes=\"(max-width: 211px) 100vw, 211px\" \/>\t\t\t\t\t\t\t\t<\/a>\n\t\t\t\t\t\t\t\t\t\t\t<figcaption class=\"widget-image-caption wp-caption-text\">Band 2<\/figcaption>\n\t\t\t\t\t\t\t\t\t\t<\/figure>\n\t\t\t\t\t\t\t<\/div>\n\t\t\t\t<\/div>\n\t\t\t\t<div class=\"elementor-element elementor-element-effbf7d elementor-widget elementor-widget-image\" data-id=\"effbf7d\" data-element_type=\"widget\" data-widget_type=\"image.default\">\n\t\t\t\t<div class=\"elementor-widget-container\">\n\t\t\t\t\t\t\t\t\t\t<figure class=\"wp-caption\">\n\t\t\t\t\t\t\t\t\t\t\t<a href=\"https:\/\/www.roterdrache.org\/catalog\/Belletristik-Roman-Satire\/Rheingold::147.html\">\n\t\t\t\t\t\t\t<img decoding=\"async\" width=\"210\" height=\"300\" src=\"https:\/\/www.roterdrache.org\/cms\/wp-content\/uploads\/2024\/05\/Rheingold-210x300.jpg\" class=\"attachment-medium size-medium wp-image-4934\" alt=\"\" srcset=\"https:\/\/www.roterdrache.org\/cms\/wp-content\/uploads\/2024\/05\/Rheingold-210x300.jpg 210w, https:\/\/www.roterdrache.org\/cms\/wp-content\/uploads\/2024\/05\/Rheingold.jpg 502w\" sizes=\"(max-width: 210px) 100vw, 210px\" \/>\t\t\t\t\t\t\t\t<\/a>\n\t\t\t\t\t\t\t\t\t\t\t<figcaption class=\"widget-image-caption wp-caption-text\">Band 3<\/figcaption>\n\t\t\t\t\t\t\t\t\t\t<\/figure>\n\t\t\t\t\t\t\t<\/div>\n\t\t\t\t<\/div>\n\t\t\t\t<div class=\"elementor-element elementor-element-a4dc01e elementor-widget elementor-widget-image\" data-id=\"a4dc01e\" data-element_type=\"widget\" data-widget_type=\"image.default\">\n\t\t\t\t<div class=\"elementor-widget-container\">\n\t\t\t\t\t\t\t\t\t\t<figure class=\"wp-caption\">\n\t\t\t\t\t\t\t\t\t\t\t<a href=\"https:\/\/www.roterdrache.org\/catalog\/Belletristik-Roman-Satire\/AEtherhertz::174.html\">\n\t\t\t\t\t\t\t<img loading=\"lazy\" decoding=\"async\" width=\"197\" height=\"300\" src=\"https:\/\/www.roterdrache.org\/cms\/wp-content\/uploads\/2024\/05\/Aetherherz-197x300.jpg\" class=\"attachment-medium size-medium wp-image-4941\" alt=\"\" srcset=\"https:\/\/www.roterdrache.org\/cms\/wp-content\/uploads\/2024\/05\/Aetherherz-197x300.jpg 197w, https:\/\/www.roterdrache.org\/cms\/wp-content\/uploads\/2024\/05\/Aetherherz.jpg 467w\" sizes=\"(max-width: 197px) 100vw, 197px\" \/>\t\t\t\t\t\t\t\t<\/a>\n\t\t\t\t\t\t\t\t\t\t\t<figcaption class=\"widget-image-caption wp-caption-text\">Band 1<\/figcaption>\n\t\t\t\t\t\t\t\t\t\t<\/figure>\n\t\t\t\t\t\t\t<\/div>\n\t\t\t\t<\/div>\n\t\t\t\t<div class=\"elementor-element elementor-element-675346c elementor-widget elementor-widget-image\" data-id=\"675346c\" data-element_type=\"widget\" data-widget_type=\"image.default\">\n\t\t\t\t<div class=\"elementor-widget-container\">\n\t\t\t\t\t\t\t\t\t\t<figure class=\"wp-caption\">\n\t\t\t\t\t\t\t\t\t\t\t<a href=\"https:\/\/www.roterdrache.org\/catalog\/Belletristik-Roman-Satire\/AEtherresonanz::178.html\">\n\t\t\t\t\t\t\t<img loading=\"lazy\" decoding=\"async\" width=\"196\" height=\"300\" src=\"https:\/\/www.roterdrache.org\/cms\/wp-content\/uploads\/2024\/05\/Aetherresonanz-196x300.jpg\" class=\"attachment-medium size-medium wp-image-4948\" alt=\"\" srcset=\"https:\/\/www.roterdrache.org\/cms\/wp-content\/uploads\/2024\/05\/Aetherresonanz-196x300.jpg 196w, https:\/\/www.roterdrache.org\/cms\/wp-content\/uploads\/2024\/05\/Aetherresonanz.jpg 465w\" sizes=\"(max-width: 196px) 100vw, 196px\" \/>\t\t\t\t\t\t\t\t<\/a>\n\t\t\t\t\t\t\t\t\t\t\t<figcaption class=\"widget-image-caption wp-caption-text\">Band 2<\/figcaption>\n\t\t\t\t\t\t\t\t\t\t<\/figure>\n\t\t\t\t\t\t\t<\/div>\n\t\t\t\t<\/div>\n\t\t\t\t<div class=\"elementor-element elementor-element-6e03f66 elementor-widget elementor-widget-image\" data-id=\"6e03f66\" data-element_type=\"widget\" data-widget_type=\"image.default\">\n\t\t\t\t<div class=\"elementor-widget-container\">\n\t\t\t\t\t\t\t\t\t\t<figure class=\"wp-caption\">\n\t\t\t\t\t\t\t\t\t\t\t<a href=\"https:\/\/www.roterdrache.org\/catalog\/Belletristik-Roman-Satire\/AEthersymphonie::188.html\">\n\t\t\t\t\t\t\t<img loading=\"lazy\" decoding=\"async\" width=\"197\" height=\"300\" src=\"https:\/\/www.roterdrache.org\/cms\/wp-content\/uploads\/2024\/05\/Aethersymphonie-197x300.jpg\" class=\"attachment-medium size-medium wp-image-4949\" alt=\"\" srcset=\"https:\/\/www.roterdrache.org\/cms\/wp-content\/uploads\/2024\/05\/Aethersymphonie-197x300.jpg 197w, https:\/\/www.roterdrache.org\/cms\/wp-content\/uploads\/2024\/05\/Aethersymphonie.jpg 467w\" sizes=\"(max-width: 197px) 100vw, 197px\" \/>\t\t\t\t\t\t\t\t<\/a>\n\t\t\t\t\t\t\t\t\t\t\t<figcaption class=\"widget-image-caption wp-caption-text\">Band 3<\/figcaption>\n\t\t\t\t\t\t\t\t\t\t<\/figure>\n\t\t\t\t\t\t\t<\/div>\n\t\t\t\t<\/div>\n\t\t\t\t<div class=\"elementor-element elementor-element-d770a94 elementor-widget elementor-widget-image\" data-id=\"d770a94\" data-element_type=\"widget\" data-widget_type=\"image.default\">\n\t\t\t\t<div class=\"elementor-widget-container\">\n\t\t\t\t\t\t\t\t\t\t<figure class=\"wp-caption\">\n\t\t\t\t\t\t\t\t\t\t\t<a href=\"https:\/\/www.roterdrache.org\/catalog\/Belletristik-Roman-Satire\/AEtherseelen::166.html\">\n\t\t\t\t\t\t\t<img loading=\"lazy\" decoding=\"async\" width=\"212\" height=\"300\" src=\"https:\/\/www.roterdrache.org\/cms\/wp-content\/uploads\/2024\/05\/Aetherseelen-212x300.jpg\" class=\"attachment-medium size-medium wp-image-4940\" alt=\"\" srcset=\"https:\/\/www.roterdrache.org\/cms\/wp-content\/uploads\/2024\/05\/Aetherseelen-212x300.jpg 212w, https:\/\/www.roterdrache.org\/cms\/wp-content\/uploads\/2024\/05\/Aetherseelen.jpg 503w\" sizes=\"(max-width: 212px) 100vw, 212px\" \/>\t\t\t\t\t\t\t\t<\/a>\n\t\t\t\t\t\t\t\t\t\t\t<figcaption class=\"widget-image-caption wp-caption-text\">Softcover<\/figcaption>\n\t\t\t\t\t\t\t\t\t\t<\/figure>\n\t\t\t\t\t\t\t<\/div>\n\t\t\t\t<\/div>\n\t\t\t\t<div class=\"elementor-element elementor-element-f069782 elementor-widget elementor-widget-image\" data-id=\"f069782\" data-element_type=\"widget\" data-widget_type=\"image.default\">\n\t\t\t\t<div class=\"elementor-widget-container\">\n\t\t\t\t\t\t\t\t\t\t<figure class=\"wp-caption\">\n\t\t\t\t\t\t\t\t\t\t\t<a href=\"https:\/\/www.roterdrache.org\/catalog\/Belletristik-Roman-Satire\/Doktor-Gruenhand::249.html\">\n\t\t\t\t\t\t\t<img loading=\"lazy\" decoding=\"async\" width=\"212\" height=\"300\" src=\"https:\/\/www.roterdrache.org\/cms\/wp-content\/uploads\/2024\/05\/Doktor-Grunhand-212x300.jpg\" class=\"attachment-medium size-medium wp-image-4953\" alt=\"\" srcset=\"https:\/\/www.roterdrache.org\/cms\/wp-content\/uploads\/2024\/05\/Doktor-Grunhand-212x300.jpg 212w, https:\/\/www.roterdrache.org\/cms\/wp-content\/uploads\/2024\/05\/Doktor-Grunhand.jpg 502w\" sizes=\"(max-width: 212px) 100vw, 212px\" \/>\t\t\t\t\t\t\t\t<\/a>\n\t\t\t\t\t\t\t\t\t\t\t<figcaption class=\"widget-image-caption wp-caption-text\">Ein phantastischer Spionageroman<\/figcaption>\n\t\t\t\t\t\t\t\t\t\t<\/figure>\n\t\t\t\t\t\t\t<\/div>\n\t\t\t\t<\/div>\n\t\t\t\t<div class=\"elementor-element elementor-element-f16f67d elementor-widget elementor-widget-image\" data-id=\"f16f67d\" data-element_type=\"widget\" data-widget_type=\"image.default\">\n\t\t\t\t<div class=\"elementor-widget-container\">\n\t\t\t\t\t\t\t\t\t\t<figure class=\"wp-caption\">\n\t\t\t\t\t\t\t\t\t\t\t<a href=\"https:\/\/www.roterdrache.org\/catalog\/Belletristik-Roman-Satire\/Die-verdorbenen-Sieben::218.html\">\n\t\t\t\t\t\t\t<img loading=\"lazy\" decoding=\"async\" width=\"213\" height=\"300\" src=\"https:\/\/www.roterdrache.org\/cms\/wp-content\/uploads\/2024\/05\/Die-verdorbenen-Sieben-213x300.jpg\" class=\"attachment-medium size-medium wp-image-4954\" alt=\"\" srcset=\"https:\/\/www.roterdrache.org\/cms\/wp-content\/uploads\/2024\/05\/Die-verdorbenen-Sieben-213x300.jpg 213w, https:\/\/www.roterdrache.org\/cms\/wp-content\/uploads\/2024\/05\/Die-verdorbenen-Sieben.jpg 506w\" sizes=\"(max-width: 213px) 100vw, 213px\" \/>\t\t\t\t\t\t\t\t<\/a>\n\t\t\t\t\t\t\t\t\t\t\t<figcaption class=\"widget-image-caption wp-caption-text\">Ein spannendes Westernabenteuer in der \u00c6therwelt<\/figcaption>\n\t\t\t\t\t\t\t\t\t\t<\/figure>\n\t\t\t\t\t\t\t<\/div>\n\t\t\t\t<\/div>\n\t\t\t\t\t<\/div>\n\t\t\t\t<\/div>\n\t\t<div class=\"elementor-element elementor-element-f006b23 e-flex e-con-boxed e-con e-parent\" data-id=\"f006b23\" data-element_type=\"container\">\n\t\t\t\t\t<div class=\"e-con-inner\">\n\t\t\t\t<div class=\"elementor-element elementor-element-c5cc9cd elementor-widget elementor-widget-text-editor\" data-id=\"c5cc9cd\" data-element_type=\"widget\" data-widget_type=\"text-editor.default\">\n\t\t\t\t<div class=\"elementor-widget-container\">\n\t\t\t<style>\/*! elementor - v3.23.0 - 05-08-2024 *\/\n.elementor-widget-text-editor.elementor-drop-cap-view-stacked .elementor-drop-cap{background-color:#69727d;color:#fff}.elementor-widget-text-editor.elementor-drop-cap-view-framed .elementor-drop-cap{color:#69727d;border:3px solid;background-color:transparent}.elementor-widget-text-editor:not(.elementor-drop-cap-view-default) .elementor-drop-cap{margin-top:8px}.elementor-widget-text-editor:not(.elementor-drop-cap-view-default) .elementor-drop-cap-letter{width:1em;height:1em}.elementor-widget-text-editor .elementor-drop-cap{float:left;text-align:center;line-height:1;font-size:50px}.elementor-widget-text-editor .elementor-drop-cap-letter{display:inline-block}<\/style>\t\t\t\t<p>\u00c6thewelt haben die meisten wahrscheinlich schon einmal geh\u00f6rt, dass sich dahinter<em><a href=\"https:\/\/www.anja-bagus.de\/\" target=\"_blank\" rel=\"nofollow noopener\"> Anja Bagus<\/a><\/em> versteckt vielleicht noch nicht so viele. Ja, die liebe Anja hat das Amt f\u00fcr \u00c6thewelten erfunden und aus ihren B\u00fcchern in die Realit\u00e4t geholt. Auf vielen Veranstaltungen rund um Steampunk und Fantasy k\u00f6nnt ihr Beamte dieses Amtes antreffen. Wenn ihr mehr \u00fcber das Universum erfahren m\u00f6chtet, dann schaut auf der Website vom Amt f\u00fcr <em><a href=\"https:\/\/www.anja-bagus.de\/amt-f%C3%BCr-aetherangelegenheiten\/\" target=\"_blank\" rel=\"nofollow noopener\">\u00c6therangelegenheiten<\/a><\/em> vorbei.\u00a0<\/p>\t\t\t\t\t\t<\/div>\n\t\t\t\t<\/div>\n\t\t\t\t<div class=\"elementor-element elementor-element-c3970e4 elementor-widget elementor-widget-heading\" data-id=\"c3970e4\" data-element_type=\"widget\" data-widget_type=\"heading.default\">\n\t\t\t\t<div class=\"elementor-widget-container\">\n\t\t\t<h2 class=\"elementor-heading-title elementor-size-default\">Steampunk<\/h2>\t\t<\/div>\n\t\t\t\t<\/div>\n\t\t\t\t\t<\/div>\n\t\t\t\t<\/div>\n\t\t<div class=\"elementor-element elementor-element-e9cff46 e-grid e-con-boxed e-con e-parent\" data-id=\"e9cff46\" data-element_type=\"container\">\n\t\t\t\t\t<div class=\"e-con-inner\">\n\t\t\t\t<div class=\"elementor-element elementor-element-201b748 elementor-widget elementor-widget-image\" data-id=\"201b748\" data-element_type=\"widget\" data-widget_type=\"image.default\">\n\t\t\t\t<div class=\"elementor-widget-container\">\n\t\t\t\t\t\t\t\t\t\t<figure class=\"wp-caption\">\n\t\t\t\t\t\t\t\t\t\t\t<a href=\"https:\/\/www.roterdrache.org\/catalog\/Belletristik-Roman-Satire\/Maschinengeist::283.html\">\n\t\t\t\t\t\t\t<img loading=\"lazy\" decoding=\"async\" width=\"212\" height=\"300\" src=\"https:\/\/www.roterdrache.org\/cms\/wp-content\/uploads\/2024\/05\/Maschinengeist-212x300.jpg\" class=\"attachment-medium size-medium wp-image-4956\" alt=\"\" srcset=\"https:\/\/www.roterdrache.org\/cms\/wp-content\/uploads\/2024\/05\/Maschinengeist-212x300.jpg 212w, https:\/\/www.roterdrache.org\/cms\/wp-content\/uploads\/2024\/05\/Maschinengeist.jpg 506w\" sizes=\"(max-width: 212px) 100vw, 212px\" \/>\t\t\t\t\t\t\t\t<\/a>\n\t\t\t\t\t\t\t\t\t\t\t<figcaption class=\"widget-image-caption wp-caption-text\">Band 1<\/figcaption>\n\t\t\t\t\t\t\t\t\t\t<\/figure>\n\t\t\t\t\t\t\t<\/div>\n\t\t\t\t<\/div>\n\t\t\t\t<div class=\"elementor-element elementor-element-17af26a elementor-widget elementor-widget-image\" data-id=\"17af26a\" data-element_type=\"widget\" data-widget_type=\"image.default\">\n\t\t\t\t<div class=\"elementor-widget-container\">\n\t\t\t\t\t\t\t\t\t\t<figure class=\"wp-caption\">\n\t\t\t\t\t\t\t\t\t\t\t<a href=\"https:\/\/www.roterdrache.org\/catalog\/Belletristik-Roman-Satire\/Maschinenseele::304.html\">\n\t\t\t\t\t\t\t<img loading=\"lazy\" decoding=\"async\" width=\"210\" height=\"300\" src=\"https:\/\/www.roterdrache.org\/cms\/wp-content\/uploads\/2024\/05\/Maschinenseele-210x300.jpg\" class=\"attachment-medium size-medium wp-image-4960\" alt=\"\" srcset=\"https:\/\/www.roterdrache.org\/cms\/wp-content\/uploads\/2024\/05\/Maschinenseele-210x300.jpg 210w, https:\/\/www.roterdrache.org\/cms\/wp-content\/uploads\/2024\/05\/Maschinenseele.jpg 502w\" sizes=\"(max-width: 210px) 100vw, 210px\" \/>\t\t\t\t\t\t\t\t<\/a>\n\t\t\t\t\t\t\t\t\t\t\t<figcaption class=\"widget-image-caption wp-caption-text\">Band 2<\/figcaption>\n\t\t\t\t\t\t\t\t\t\t<\/figure>\n\t\t\t\t\t\t\t<\/div>\n\t\t\t\t<\/div>\n\t\t\t\t<div class=\"elementor-element elementor-element-b96077a elementor-widget elementor-widget-image\" data-id=\"b96077a\" data-element_type=\"widget\" data-widget_type=\"image.default\">\n\t\t\t\t<div class=\"elementor-widget-container\">\n\t\t\t\t\t\t\t\t\t\t<figure class=\"wp-caption\">\n\t\t\t\t\t\t\t\t\t\t\t<a href=\"https:\/\/www.roterdrache.org\/catalog\/Belletristik-Roman-Satire\/Maschinengott::317.html\">\n\t\t\t\t\t\t\t<img loading=\"lazy\" decoding=\"async\" width=\"212\" height=\"300\" src=\"https:\/\/www.roterdrache.org\/cms\/wp-content\/uploads\/2024\/05\/Maschinengott-212x300.jpg\" class=\"attachment-medium size-medium wp-image-4964\" alt=\"\" srcset=\"https:\/\/www.roterdrache.org\/cms\/wp-content\/uploads\/2024\/05\/Maschinengott-212x300.jpg 212w, https:\/\/www.roterdrache.org\/cms\/wp-content\/uploads\/2024\/05\/Maschinengott.jpg 503w\" sizes=\"(max-width: 212px) 100vw, 212px\" \/>\t\t\t\t\t\t\t\t<\/a>\n\t\t\t\t\t\t\t\t\t\t\t<figcaption class=\"widget-image-caption wp-caption-text\">Band 3<\/figcaption>\n\t\t\t\t\t\t\t\t\t\t<\/figure>\n\t\t\t\t\t\t\t<\/div>\n\t\t\t\t<\/div>\n\t\t\t\t<div class=\"elementor-element elementor-element-b04e563 elementor-widget elementor-widget-image\" data-id=\"b04e563\" data-element_type=\"widget\" data-widget_type=\"image.default\">\n\t\t\t\t<div class=\"elementor-widget-container\">\n\t\t\t\t\t\t\t\t\t\t<figure class=\"wp-caption\">\n\t\t\t\t\t\t\t\t\t\t\t<a href=\"https:\/\/www.roterdrache.org\/catalog\/Belletristik-Roman-Satire\/Drudir-Masken-und-Spiegel-Band-2::232.html\">\n\t\t\t\t\t\t\t<img loading=\"lazy\" decoding=\"async\" width=\"211\" height=\"300\" src=\"https:\/\/www.roterdrache.org\/cms\/wp-content\/uploads\/2024\/05\/Drudir-masekn-und-Spiegel-211x300.jpg\" class=\"attachment-medium size-medium wp-image-4965\" alt=\"\" srcset=\"https:\/\/www.roterdrache.org\/cms\/wp-content\/uploads\/2024\/05\/Drudir-masekn-und-Spiegel-211x300.jpg 211w, https:\/\/www.roterdrache.org\/cms\/wp-content\/uploads\/2024\/05\/Drudir-masekn-und-Spiegel.jpg 502w\" sizes=\"(max-width: 211px) 100vw, 211px\" \/>\t\t\t\t\t\t\t\t<\/a>\n\t\t\t\t\t\t\t\t\t\t\t<figcaption class=\"widget-image-caption wp-caption-text\">Band 2<\/figcaption>\n\t\t\t\t\t\t\t\t\t\t<\/figure>\n\t\t\t\t\t\t\t<\/div>\n\t\t\t\t<\/div>\n\t\t\t\t<div class=\"elementor-element elementor-element-3d4197f elementor-widget elementor-widget-image\" data-id=\"3d4197f\" data-element_type=\"widget\" data-widget_type=\"image.default\">\n\t\t\t\t<div class=\"elementor-widget-container\">\n\t\t\t\t\t\t\t\t\t\t<figure class=\"wp-caption\">\n\t\t\t\t\t\t\t\t\t\t\t<a href=\"https:\/\/www.roterdrache.org\/catalog\/Belletristik-Roman-Satire\/Drudir-Schatten-und-Scherben-Band-3::297.html\">\n\t\t\t\t\t\t\t<img loading=\"lazy\" decoding=\"async\" width=\"211\" height=\"300\" src=\"https:\/\/www.roterdrache.org\/cms\/wp-content\/uploads\/2024\/05\/Drudir-Schatten-und-Scherben-211x300.jpg\" class=\"attachment-medium size-medium wp-image-4966\" alt=\"\" srcset=\"https:\/\/www.roterdrache.org\/cms\/wp-content\/uploads\/2024\/05\/Drudir-Schatten-und-Scherben-211x300.jpg 211w, https:\/\/www.roterdrache.org\/cms\/wp-content\/uploads\/2024\/05\/Drudir-Schatten-und-Scherben.jpg 501w\" sizes=\"(max-width: 211px) 100vw, 211px\" \/>\t\t\t\t\t\t\t\t<\/a>\n\t\t\t\t\t\t\t\t\t\t\t<figcaption class=\"widget-image-caption wp-caption-text\">Band 3<\/figcaption>\n\t\t\t\t\t\t\t\t\t\t<\/figure>\n\t\t\t\t\t\t\t<\/div>\n\t\t\t\t<\/div>\n\t\t\t\t<div class=\"elementor-element elementor-element-d3a4139 elementor-widget elementor-widget-image\" data-id=\"d3a4139\" data-element_type=\"widget\" data-widget_type=\"image.default\">\n\t\t\t\t<div class=\"elementor-widget-container\">\n\t\t\t\t\t\t\t\t\t\t<figure class=\"wp-caption\">\n\t\t\t\t\t\t\t\t\t\t\t<a href=\"https:\/\/www.roterdrache.org\/catalog\/Belletristik-Roman-Satire\/Erloesung::222.html\">\n\t\t\t\t\t\t\t<img loading=\"lazy\" decoding=\"async\" width=\"199\" height=\"300\" src=\"https:\/\/www.roterdrache.org\/cms\/wp-content\/uploads\/2024\/05\/Erlosung-199x300.jpg\" class=\"attachment-medium size-medium wp-image-4967\" alt=\"\" srcset=\"https:\/\/www.roterdrache.org\/cms\/wp-content\/uploads\/2024\/05\/Erlosung-199x300.jpg 199w, https:\/\/www.roterdrache.org\/cms\/wp-content\/uploads\/2024\/05\/Erlosung.jpg 473w\" sizes=\"(max-width: 199px) 100vw, 199px\" \/>\t\t\t\t\t\t\t\t<\/a>\n\t\t\t\t\t\t\t\t\t\t\t<figcaption class=\"widget-image-caption wp-caption-text\">Softcover<\/figcaption>\n\t\t\t\t\t\t\t\t\t\t<\/figure>\n\t\t\t\t\t\t\t<\/div>\n\t\t\t\t<\/div>\n\t\t\t\t<div class=\"elementor-element elementor-element-0d78bdc elementor-widget elementor-widget-image\" data-id=\"0d78bdc\" data-element_type=\"widget\" data-widget_type=\"image.default\">\n\t\t\t\t<div class=\"elementor-widget-container\">\n\t\t\t\t\t\t\t\t\t\t<figure class=\"wp-caption\">\n\t\t\t\t\t\t\t\t\t\t\t<a href=\"https:\/\/www.roterdrache.org\/catalog\/Belletristik-Roman-Satire\/Ruhelos-Wachsam::211.html\">\n\t\t\t\t\t\t\t<img loading=\"lazy\" decoding=\"async\" width=\"212\" height=\"300\" src=\"https:\/\/www.roterdrache.org\/cms\/wp-content\/uploads\/2024\/05\/Ruhelos-und-Wachsam-212x300.jpg\" class=\"attachment-medium size-medium wp-image-4968\" alt=\"\" srcset=\"https:\/\/www.roterdrache.org\/cms\/wp-content\/uploads\/2024\/05\/Ruhelos-und-Wachsam-212x300.jpg 212w, https:\/\/www.roterdrache.org\/cms\/wp-content\/uploads\/2024\/05\/Ruhelos-und-Wachsam.jpg 502w\" sizes=\"(max-width: 212px) 100vw, 212px\" \/>\t\t\t\t\t\t\t\t<\/a>\n\t\t\t\t\t\t\t\t\t\t\t<figcaption class=\"widget-image-caption wp-caption-text\">Softcover<\/figcaption>\n\t\t\t\t\t\t\t\t\t\t<\/figure>\n\t\t\t\t\t\t\t<\/div>\n\t\t\t\t<\/div>\n\t\t\t\t<div class=\"elementor-element elementor-element-76343a5 elementor-widget elementor-widget-image\" data-id=\"76343a5\" data-element_type=\"widget\" data-widget_type=\"image.default\">\n\t\t\t\t<div class=\"elementor-widget-container\">\n\t\t\t\t\t\t\t\t\t\t<figure class=\"wp-caption\">\n\t\t\t\t\t\t\t\t\t\t\t<a href=\"https:\/\/www.roterdrache.org\/catalog\/Sachbuch\/Steampunk-Mechanics::159.html\">\n\t\t\t\t\t\t\t<img loading=\"lazy\" decoding=\"async\" width=\"300\" height=\"212\" src=\"https:\/\/www.roterdrache.org\/cms\/wp-content\/uploads\/2024\/05\/Steampunk-Mechanics-300x212.jpg\" class=\"attachment-medium size-medium wp-image-4972\" alt=\"\" srcset=\"https:\/\/www.roterdrache.org\/cms\/wp-content\/uploads\/2024\/05\/Steampunk-Mechanics-300x212.jpg 300w, https:\/\/www.roterdrache.org\/cms\/wp-content\/uploads\/2024\/05\/Steampunk-Mechanics-768x543.jpg 768w, https:\/\/www.roterdrache.org\/cms\/wp-content\/uploads\/2024\/05\/Steampunk-Mechanics.jpg 1007w\" sizes=\"(max-width: 300px) 100vw, 300px\" \/>\t\t\t\t\t\t\t\t<\/a>\n\t\t\t\t\t\t\t\t\t\t\t<figcaption class=\"widget-image-caption wp-caption-text\">Admiral Aaron Ravensdale and Company<\/figcaption>\n\t\t\t\t\t\t\t\t\t\t<\/figure>\n\t\t\t\t\t\t\t<\/div>\n\t\t\t\t<\/div>\n\t\t\t\t\t<\/div>\n\t\t\t\t<\/div>\n\t\t\t\t<\/div>\n\t\t","protected":false},"excerpt":{"rendered":"<p>\u00c6therwelt &amp; Steampunk \u00c6thewelt Band 1 Band 2 Band 3 Band 1 Band 2 Band 3 Softcover Ein phantastischer Spionageroman Ein spannendes Westernabenteuer in der \u00c6therwelt \u00c6thewelt haben die meisten<\/p>\n<p><a class=\"more-link\" href=\"https:\/\/www.roterdrache.org\/cms\/aetherwelt-und-steampunk\/\">Read more<\/a><\/p>\n","protected":false},"author":2,"featured_media":0,"parent":0,"menu_order":0,"comment_status":"closed","ping_status":"closed","template":"","meta":{"footnotes":""},"aioseo_notices":[],"_links":{"self":[{"href":"https:\/\/www.roterdrache.org\/cms\/wp-json\/wp\/v2\/pages\/4932"}],"collection":[{"href":"https:\/\/www.roterdrache.org\/cms\/wp-json\/wp\/v2\/pages"}],"about":[{"href":"https:\/\/www.roterdrache.org\/cms\/wp-json\/wp\/v2\/types\/page"}],"author":[{"embeddable":true,"href":"https:\/\/www.roterdrache.org\/cms\/wp-json\/wp\/v2\/users\/2"}],"replies":[{"embeddable":true,"href":"https:\/\/www.roterdrache.org\/cms\/wp-json\/wp\/v2\/comments?post=4932"}],"version-history":[{"count":46,"href":"https:\/\/www.roterdrache.org\/cms\/wp-json\/wp\/v2\/pages\/4932\/revisions"}],"predecessor-version":[{"id":5206,"href":"https:\/\/www.roterdrache.org\/cms\/wp-json\/wp\/v2\/pages\/4932\/revisions\/5206"}],"wp:attachment":[{"href":"https:\/\/www.roterdrache.org\/cms\/wp-json\/wp\/v2\/media?parent=4932"}],"curies":[{"name":"wp","href":"https:\/\/api.w.org\/{rel}","templated":true}]}}