{"id":3116,"date":"2024-05-26T14:43:25","date_gmt":"2024-05-26T12:43:25","guid":{"rendered":"http:\/\/www.roterdrache.org\/cms\/register\/"},"modified":"2024-05-26T14:49:54","modified_gmt":"2024-05-26T12:49:54","slug":"register","status":"publish","type":"page","link":"https:\/\/www.roterdrache.org\/cms\/register\/","title":{"rendered":"Registrierung f\u00fcr AutorInnen"},"content":{"rendered":"\n<p>Diese Seite ist nur f\u00fcr unsere AutorInnen gedacht. M\u00f6chtet ihr B\u00fccher erwerben, dann klickt bitte<a href=\"https:\/\/www.roterdrache.org\/catalog\/\" target=\"_blank\" rel=\"noopener nofollow\" title=\"\"> hier<\/a>.<\/p>\n\n\n<p>[ultimatemember form_id=&#8220;3110&#8243;]<\/p>\n","protected":false},"excerpt":{"rendered":"<p>Diese Seite ist nur f\u00fcr unsere AutorInnen gedacht. M\u00f6chtet ihr B\u00fccher erwerben, dann klickt bitte hier.<\/p>\n","protected":false},"author":2,"featured_media":0,"parent":0,"menu_order":0,"comment_status":"closed","ping_status":"closed","template":"","meta":{"footnotes":""},"aioseo_notices":[],"_links":{"self":[{"href":"https:\/\/www.roterdrache.org\/cms\/wp-json\/wp\/v2\/pages\/3116"}],"collection":[{"href":"https:\/\/www.roterdrache.org\/cms\/wp-json\/wp\/v2\/pages"}],"about":[{"href":"https:\/\/www.roterdrache.org\/cms\/wp-json\/wp\/v2\/types\/page"}],"author":[{"embeddable":true,"href":"https:\/\/www.roterdrache.org\/cms\/wp-json\/wp\/v2\/users\/2"}],"replies":[{"embeddable":true,"href":"https:\/\/www.roterdrache.org\/cms\/wp-json\/wp\/v2\/comments?post=3116"}],"version-history":[{"count":3,"href":"https:\/\/www.roterdrache.org\/cms\/wp-json\/wp\/v2\/pages\/3116\/revisions"}],"predecessor-version":[{"id":5151,"href":"https:\/\/www.roterdrache.org\/cms\/wp-json\/wp\/v2\/pages\/3116\/revisions\/5151"}],"wp:attachment":[{"href":"https:\/\/www.roterdrache.org\/cms\/wp-json\/wp\/v2\/media?parent=3116"}],"curies":[{"name":"wp","href":"https:\/\/api.w.org\/{rel}","templated":true}]}}